c?
1
Let z(r) = 3*r**2 - 2*r - 8. What is the tens digit of z(-4)?
4
Suppose -q = -2*q. Suppose -51 = -q*b - 2*b - x, 0 = -4*x - 4. What is the tens digit of b?
2
Suppose -4*b - 165 = 2*j - 55, 4*j = -5*b - 226. Let t = j - -98. What is the units digit of t?
9
Suppose -3*d - 8 = -5*d + 4*b, 0 = -5*d + 3*b - 1. What is the units digit of 12 - (6/d)/(-3)?
1
Suppose -5*j = s - 2*j - 23, 0 = -2*j + 2. What is the tens digit of s?
2
Let z(a) = 22*a**2 + 1. Let f be z(1). Let r(m) = 2*m**3 - 5*m**2 - 12*m + 8. Let c be r(5). Suppose -c = -5*i - f. What is the tens digit of i?
1
Let u(a) = -3*a - 6. What is the tens digit of u(-14)?
3
Let w(m) = -m**3 + 6*m**2 - 4*m - 2 - 2 + 12*m. Let r = 2 + 5. What is the units digit of w(r)?
3
Let a = 7 + 3. What is the tens digit of a?
1
Suppose 0 = 2*l - 4*z - 14 + 42, -2*l - 13 = -z. What is the units digit of (-1 - (l - -2)) + 1?
2
Let w(q) = q**3 - 5*q**2 - 5*q - 2. Let p be w(6). Suppose d - 8 = p*i - i, d - 4 = i. What is the units digit of d?
2
Let f = -8 - -1. Let n = 13 + f. Suppose 3*i + 0 - n = 0. What is the units digit of i?
2
Suppose 120 = 11*m - 6*m. Suppose -2*i + 5*i - 36 = 2*x, m = 2*i + 4*x. What is the tens digit of i?
1
Suppose 0*o - o = -2. Let x = -1 + 5. Suppose -2*v = -o - x. What is the units digit of v?
3
Suppose z - 5 = o, -4*z + o = -4*o - 18. What is the units digit of z?
7
Let o(s) = s**2 - 1. Let x be o(2). Suppose 0 = -x*f + 15 + 3. What is the units digit of f?
6
Suppose -9*x - 220 = -5*n - 4*x, -n + 3*x + 40 = 0. Suppose v - n = -v + j, 3*j - 37 = -v. What is the tens digit of v?
2
Let k(l) = 6*l**2 + 2*l - 1. What is the tens digit of k(-4)?
8
Suppose -2*o - 3*b + 10 + 7 = 0, 0 = -5*o - 2*b + 37. What is the units digit of o?
7
Let r be (0 - -2 - 3) + 1. Suppose j - 100 = -3*j - c, -16 = -4*c. Suppose r = -5*q + q + j. What is the units digit of q?
6
Suppose -3*h = 2*h. Suppose 68 = -h*p + 2*p. What is the units digit of p?
4
Let j be (-83)/(-5) + 2/5. Let d = j - 5. What is the units digit of d?
2
Let x(o) = o + 5. Suppose m = 3*m. Suppose m = d + 4*d. What is the units digit of x(d)?
5
Let r(s) = 5. Let k = 0 + -1. Let q(i) = i + 1. Let l(u) = k*r(u) + 3*q(u). What is the units digit of l(4)?
0
Let z(v) = -2*v**2 - 4*v - 2. Let u(w) = -w**2 - 3*w - 2. Let a(t) = 4*u(t) - 3*z(t). What is the tens digit of a(-3)?
1
Let k(b) = -2*b - 2. Let y be k(-2). Let c(r) = r - 4. Let s be c(y). Let t(z) = 2*z**2 + 2*z + 1. What is the units digit of t(s)?
5
Let a be (0/3 + 1)*-37. Let h = -25 - a. What is the tens digit of h?
1
Suppose -3*p = -g - 59, g - 50 = -2*p - g. What is the tens digit of p?
2
Let v(h) = h**2 - 2*h - 16. What is the tens digit of v(-8)?
6
Suppose -3*y - 410 = 2*y. Suppose -9 = -3*p - 2*u - u, -u - 5 = 5*p. What is the tens digit of p/8 - y/8?
1
Let n = 30 + 221. What is the units digit of n?
1
Suppose 5*j + 246 = d + 89, -8 = 4*j. What is the tens digit of d?
4
Let c = 1 + -2. What is the tens digit of (-31)/2*(-3 - c)?
3
Suppose c + 5 = -2*m, -3*c + 3*m + 9 + 3 = 0. Suppose 4*x = 2*f - 18, -3*f - x = 2*f - c. What is the units digit of f?
1
Let w(m) = m**3 - 3*m**2 - 4*m + 2. Let o be w(4). Suppose 3*f + 2*f - 135 = o*j, -4*j - 9 = -f. What is the units digit of f?
9
Suppose 0 = 5*c + 4*y - 3 - 1, -y = 5*c - 1. Let d(j) = j**3 + 6*j**2 + 5*j + 5. Let r be d(-5). Let p = r - c. What is the units digit of p?
5
Let r(q) = -q - 7. Let j be r(-6). Let t be 1/(0 + j/7). Let h = t + 9. What is the units digit of h?
2
Suppose -2*x - 5*h = -3*x - 27, 3*h - 13 = -x. Let p = 11 + 0. Let k = p + x. What is the units digit of k?
9
Let s(g) be the second derivative of -g**3/6 - 2*g**2 - g. Let o be s(-6). Suppose -o*l = l - 45. What is the tens digit of l?
1
Let y(p) = -p**3 + 10*p**2 + 5*p - 4. Let v be y(5). Suppose -3*t = i - 46, -2*t = -3*i + v + 25. What is the tens digit of i?
5
Suppose 5*s + 59 = 4*n - 171, 3*n + 2*s - 184 = 0. What is the units digit of n?
0
Let g(p) = -p**2 + 22*p + 18. What is the units digit of g(19)?
5
Let j(m) = 10*m**2 + m + 3. What is the hundreds digit of j(5)?
2
Let u be -1 + 4 - 1*14. What is the tens digit of 112/11 - (-2)/u?
1
Suppose -3*d - 16 = -4*d. Let l = -6 + d. What is the units digit of l?
0
Let i = 193 + 7. What is the units digit of i?
0
Let v = 8 + -7. Let l(b) = 2 + 0 - v - 4 - 3*b. What is the tens digit of l(-5)?
1
Let q = -4 - -4. Suppose -n + 0 + 5 = q. What is the units digit of n?
5
Let y(f) = -f**2 + 5*f + 2. Let j be y(5). Suppose -18 = j*g - 0*g. What is the units digit of (-4)/(-18) - 43/g?
5
Let a(y) = -y**2 - 14*y - 6. Let h be a(-13). Suppose -3*x = -7*x + 68. Suppose s = x - h. What is the tens digit of s?
1
Let t = -176 + 497. What is the hundreds digit of t?
3
Let v = -9 + 6. Suppose -6 = -2*p + 4. Let y = v + p. What is the units digit of y?
2
Let g = 66 + -41. What is the units digit of g?
5
Let z be (-80)/(-14) + 6/21. Suppose -t + z = t. Suppose 5*x = t*x + 4. What is the units digit of x?
2
Let i(x) = x - 5. Let k be i(-4). Let b be k/2*(-4)/3. What is the tens digit of (-2)/(3*b/(-117))?
1
Let r = -43 - -136. What is the units digit of r?
3
Suppose 0 = -2*g - g + 36. Suppose 0 = 2*w + 6 + g. What is the units digit of (1 + 1)/((-2)/w)?
9
Suppose 0 = 5*x + 15, -1 = -z - 4*x + 70. What is the tens digit of z?
8
Suppose -p + 2*p - 27 = 0. What is the tens digit of p?
2
Let h(y) = -y**3 - 6*y**2 + 7*y + 10. Suppose 2 - 3 = -2*q - 5*k, 0 = 4*q + 4*k + 16. What is the tens digit of h(q)?
1
Let b(a) = 2*a**2 - 12*a + 14. Let q be b(8). Let p = 9 + -5. What is the units digit of (-2)/4 + q/p?
1
What is the tens digit of 2 + 9*10/3?
3
Let m be -60*((-24)/10 + 2). Suppose 0 = -2*c + 4*c - m. Suppose -i = -2*i + c. What is the tens digit of i?
1
Let t = 10 - -4. What is the units digit of t?
4
Suppose 0*g = -4*g + 72. Suppose -g - 6 = -3*s. What is the units digit of s?
8
Let q(x) = 6*x - 13. What is the units digit of q(7)?
9
Suppose 4*k = 16, 2*k - 2 = 5*s + 1. Suppose 4*l - 3*t = -9 + s, -5*t = 4*l - 24. What is the units digit of l?
1
Let v be ((-4)/(-10))/((-3)/15). What is the tens digit of v - (-1 - 1 - 13)?
1
Suppose -3*i - 3*z - 30 = 0, -i - 8*z - 26 = -3*z. Let c = -4 - i. Suppose 0 = c*w - 12 - 4. What is the units digit of w?
8
Suppose 0*a = 10*a - 890. What is the tens digit of a?
8
Suppose -9*x + 1811 = 56. What is the units digit of x?
5
Suppose 4*z + 29 = 125. What is the units digit of z?
4
Suppose 16 = o - 2*j, j + 86 = 5*o - 3*j. Let r(z) = 6*z**2 - z**3 - 19*z + 7*z - o*z**2 - 8. What is the units digit of r(-11)?
3
What is the tens digit of -129*(2/1)/(-6)?
4
Let c = -3 - -9. Suppose -15 - c = 3*w + b, -4*b = -5*w - 52. Let a(r) = r**3 + 8*r**2 - 2*r - 9. What is the units digit of a(w)?
7
Suppose -31 + 11 = -5*j. Suppose -y + 2*f = -2*y - 3, -j*y - 5*f = 6. What is the units digit of y?
1
Let b(a) = -a**2 - a + 2. Let x be b(2). Let c(n) = 2*n**2 + 4*n + 3. What is the tens digit of c(x)?
1
Let t(f) = -f**3 + 0*f + f + 7*f**2 + 1 + 9. Let l be t(7). Suppose -5*x - 75 = -5*y, -3*y = 5*x - x - l. What is the units digit of y?
1
Suppose -197 = -5*c + 218. Suppose c - 8 = 5*q. Suppose a = -4*a + q. What is the units digit of a?
3
Let f(h) = 2*h. Let b be f(1). Suppose -2*d - b*d = -2*q - 14, -4*q + 2*d + 2 = 0. Let n(g) = g - 2. What is the units digit of n(q)?
1
Suppose 4*n + 256 = 4*j, -5*n + 0*n = -3*j + 184. What is the tens digit of j?
6
Suppose -2118 = -15*y + 312. What is the units digit of y?
2
Let d be (-4)/(-18) - 28/(-36). Let j be d/(2*(-2)/20). Let n = j - -9. What is the units digit of n?
4
Let a(o) = o**2 + 7*o - 8. Let p be a(-7). Let n = p + 24. What is the units digit of n?
6
Let u = 14 + -8. Let r = u - -3. What is the units digit of r?
9
Let r(u) = -u + 3. Let j be r(3). Suppose 0*p + 4*p - 36 = j. What is the units digit of p?
9
Let u be 2 + 9*(-4)/(-6). Let k = u - -11. Suppose -3*l = 3*x - 39, 0*l - 2*l + k = -5*x. What is the units digit of l?
2
Suppose -8*q = -5*q - 147. What is the units digit of q?
9
Let w be (-1)/(0 + (-1)/6). Suppose 8*j - 36 = w*j. What is the units digit of j?
8
Suppose -x - 6 = 3*b + 8, -5*b = 25. Suppose -2*i + x = -15. What is the units digit of (1 - 0)/(2/i)?
4
Let l be (10/15)/(4/18). Suppose -4*u = 2*n - 18, -u - 3*n + 19 = l*u. What is the u